 = -4*k + 46, 2*k + x - 68 = -3*k. What is the remainder when 36 is divided by k?
10
Let p(m) = 5*m - 2*m + 4*m**3 + m**2 + 0*m**2 - 2. Let h be p(2). Suppose -4*b + 32 = -2*n + n, h = 5*b - 3*n. Calculate the remainder when 23 is divided by b.
7
What is the remainder when 29/2*(5 + -3) is divided by 10?
9
Let n(o) = -o**2 + 12*o + 2. Calculate the remainder when 86 is divided by n(9).
28
Let b = -12 - -29. What is the remainder when b is divided by 9?
8
Let h = -108 + 136. Let r(q) = 0*q + 15*q**2 + 0*q. Calculate the remainder when h is divided by r(-1).
13
Suppose 0 = -y + 5*u + 6 + 8, -21 = -2*y + 3*u. Suppose y = h - 9. What is the remainder when 69 is divided by h?
15
Let g = -4 + 2. What is the remainder when (-24)/(-2)*(-3)/g is divided by (-2)/25 - (-504)/50?
8
Let o(m) = m**2 - 8*m - 6. Let l be o(9). Suppose -b + 1 = -l. Suppose 15 = 3*t + b*d + d, 12 = -4*d. Calculate the remainder when 18 is divided by t.
8
Let i = 98 - 85. What is the remainder when 113 is divided by i?
9
What is the remainder when (-77)/28*20/(-1) is divided by 19?
17
Let l = -10 + 15. Suppose 0*o + l*o = 165. What is the remainder when o is divided by 12?
9
Let h(n) = -6*n + 3. Let c(o) = o + 10. Let p be c(-11). Let b = 8 - p. What is the remainder when h(-5) is divided by b?
6
Let n = 276 - 162. Calculate the remainder when n is divided by 30.
24
Suppose 3*z - 3*u - 45 = -2*u, 2*u = 0. Let v = z + -2. Calculate the remainder when 23 is divided by v.
10
Let m(q) = 14*q**3 - 2*q**2 + 2*q - 1. Suppose -u = 3*u - n - 91, 0 = 5*u + 5*n - 95. Calculate the remainder when u is divided by m(1).
9
Suppose -3*s = 7 - 13. Suppose -s*j - 5*x = -34, -3*x + 6*x - 34 = -2*j. What is the remainder when j is divided by 10?
7
Suppose 0 = v + 63 - 159. Suppose v = 3*z - 2*h, -47 = -2*z - 2*h + 17. Suppose -g + z = 4. What is the remainder when g is divided by 15?
13
Let l be -1 + (14 - (-6)/3). Let z be (-3)/l*2*-325. Suppose 45 + z = 5*h. What is the remainder when h is divided by 12?
11
Let t = 48 + -28. What is the remainder when 77 is divided by t?
17
What is the remainder when 5 - (-11 - (5 - 1)) is divided by 6?
2
Suppose 0 = 2*u + 2*u - 172. What is the remainder when u is divided by 15?
13
Let p be 8/(-6)*(-45)/20. Suppose 3*k - 276 = -p*k. Calculate the remainder when k is divided by 16.
14
Suppose 155 = 5*z + k, -160 = -2*z - 3*z - 2*k. What is the remainder when z is divided by 8?
6
Let s(f) = -f**3 + 7*f**2 + 2*f - 7. Let w = -3 + 10. What is the remainder when 27 is divided by s(w)?
6
Suppose 0 = 5*t - 2 - 23. Suppose 9 + t = 2*m. What is the remainder when 26 is divided by m?
5
Suppose -5*h - 55 = -435. Suppose -4*g = 3*a - a - 76, -h = -4*g + 3*a. What is the remainder when g is divided by 7?
5
Let t(b) = -6 - 3 + b**3 + 0 - 5*b - 9*b**2. Calculate the remainder when t(10) is divided by 11.
8
Let i(f) = f + 12. Let a be i(-9). Suppose 0 = -a*l - 2*l. Suppose s = 6 - l. What is the remainder when 17 is divided by s?
5
Suppose 4*q - 4*d - 420 = 0, -4*q = -5*q - 5*d + 93. What is the remainder when q is divided by 26?
25
Suppose -3*d - 2*i = -41, 3*d - 44 = i - 6*i. Calculate the remainder when 47 is divided by d.
8
Suppose -r + 6*r + 3*p = 4, 0 = 4*r + 5*p + 2. Suppose -r*h = -7*h + 5. Let o(m) = -2*m - 17. What is the remainder when o(-9) is divided by h?
0
Suppose 3*f - 2*n + 394 = 8*f, f + 2*n - 82 = 0. Let i be f + (1 - (-1 - 0)). Suppose 2*c + i = 4*c. Calculate the remainder when c is divided by 21.
19
Suppose -42 = -3*b + 33. What is the remainder when 97 is divided by b?
22
Suppose -7*o - 12 = -103. Calculate the remainder when 25 is divided by o.
12
Let f(k) = -k**3 - 4*k**2 + 9*k + 6. Suppose 0 = 3*y, h = -4*h - 3*y - 30. Calculate the remainder when f(h) is divided by 13.
11
Suppose -m + 0 = 4*o + 1, 0 = 4*m + 2*o - 10. Suppose -m*r = -2*r + 1. What is the remainder when -1*(-2 - (49 + r)) is divided by 17?
16
Suppose 2*i + 2 = 0, -2*u + 4*i - 22 + 102 = 0. Calculate the remainder when u is divided by 13.
12
Suppose 0 = -3*b - 15 + 66. What is the remainder when b is divided by 6?
5
Suppose -j - j + 4 = 0. Suppose -3*i - 2*i = 4*k - 27, i = -j*k + 9. What is the remainder when 4 is divided by k?
1
Let u(b) = -2*b - 1. Let n be u(-6). Suppose 3*h + 5*r = 41, -h - 4*r + r = -n. Let f = -2 + h. What is the remainder when f is divided by 8?
7
Let m(j) = -9*j - 26. Calculate the remainder when 104 is divided by m(-6).
20
Suppose 0 = -n - 4*n. Suppose 2*c = -n*c + 64. What is the remainder when c is divided by 11?
10
Let p(o) = 2*o**2 + 3*o - 7. Let k be p(5). Suppose 0*x + k = 2*x. What is the remainder when x is divided by 16?
13
Let z = 14 + 15. What is the remainder when 40 is divided by (-1 + z)*1/2?
12
Calculate the remainder when (-140)/6*3*-1 is divided by 9.
7
Let v = 7 + -5. Let c = 5 - 3. What is the remainder when c is divided by v?
0
Let t be (3/2)/((-3)/16). Let q(r) = -2*r - 6. Let v be q(t). Let h = v + -5. Calculate the remainder when 14 is divided by h.
4
Let j = 44 + -27. What is the remainder when 31 is divided by j?
14
Let d be ((-8)/12)/(2/(-12)). Let c be (-1 + 0)*(-2 + -1). Suppose 0 = -c*n - 3*s - 2*s + 34, 0 = -n + 2*s + d. What is the remainder when 14 is divided by n?
6
Suppose 0*b = 5*z - 3*b - 68, 3*z = 5*b + 44. What is the remainder when z is divided by 4?
1
Let s = -14 + 2. Let w = 116 - 163. Let v = s - w. What is the remainder when v is divided by 12?
11
Let f = 10 + 1. Calculate the remainder when 39 is divided by f.
6
Let o = -212 + 223. Calculate the remainder when 43 is divided by o.
10
Calculate the remainder when 8 is divided by 1*1/2*6.
2
Suppose -3*b - 2*g + 9 = 0, 8*b = 5*b + 3*g + 24. Calculate the remainder when 17 is divided by b.
2
Let i(m) = 17*m - 10. Calculate the remainder when i(5) is divided by 19.
18
Let s be 2*3/2 + -5. Let y be s + (-6)/4*-6. What is the remainder when (1 + 0)*(y - 2) is divided by 4?
1
Suppose -2*p + 5*z = -69, 3*z = 3*p + z - 76. Let h = -16 + p. Let q = 24 + -7. What is the remainder when q is divided by h?
5
Let q(n) = 2*n + 6. Let v be q(-4). What is the remainder when (-3)/v*(-228)/(-9) is divided by (-7)/(-28) + 153/12?
12
Let z(k) = 2*k - 1. Suppose 2*x = -x + 6. Calculate the remainder when z(x) is divided by (1 - (1 + -2))/1.
1
Let p = 4 - -1. Let k(x) = 4 - x**2 + x + 1 + 4*x. Calculate the remainder when 14 is divided by k(p).
4
Suppose 3*y - 16 = -7*a + 3*a, y - 2*a - 2 = 0. Suppose 0*i = -y*i + 60. Calculate the remainder when 43 is divided by i.
13
Let n = 96 - 79. What is the remainder when n is divided by 4?
1
Let o = -1 + 3. Suppose o = -3*l + 8. Suppose 152 = l*t + 2*t. What is the remainder when t is divided by 13?
12
Suppose -50 = 3*l - 8*l. Suppose 3*z + 6 = 3*q, 3*q + 2*q + 3*z - l = 0. Calculate the remainder when 2 is divided by q.
0
Let x = -31 + 78. Suppose 4*h = 5*c - x, -4*c + 5*h - 5 = -39. What is the remainder when (2 - (-5)/(-3))/((-34)/(-1938)) is divided by c?
8
Suppose -2*x - 64 = -6*x. Suppose 7 = 4*t + 5*b, t = -t - b + 5. Let f = x + t. Calculate the remainder when f is divided by 10.
9
Suppose 5*v - 65 = -0*v. Suppose 7 + v = 4*p. Suppose 28 = 3*n - f, 5*n + 2*f - 8 = 35. Calculate the remainder when n is divided by p.
4
Suppose -3*r = 5*l - 11 - 23, -4*r + 7 = -l. Suppose l*q + 4*b - 13 = 2*b, -4*q = -4*b - 16. What is the remainder when 9 is divided by q?
0
Suppose -5*w - 156 = -4*j + 120, 52 = j + 3*w. What is the remainder when j is divided by 22?
20
Let d be 1 - (-2 + 1)*-19. What is the remainder when 37 is divided by (-346)/d + 4/(-18)?
18
Let x(k) = -k**3 + 6*k**2 - 2*k - 2. Let v be x(2). Let t = v + 3. Let y(a) = a**2 + 7*a + 5. What is the remainder when t is divided by y(-7)?
3
Suppose 2*y - 1 = -11. What is the remainder when y*(-92)/4 - 2 is divided by 29?
26
Let c(h) = -7*h**2 - 31*h + 5. Let q(x) = -4*x**2 - 16*x + 2. Let r(y) = 3*c(y) - 5*q(y). What is the remainder when r(-10) is divided by 18?
17
Suppose 3*r - 6*r = -3. Let t = -17 - r. What is the remainder when 2/12 + (-645)/t is divided by 19?
17
Suppose q = -q - 10. Let w = q - -28. What is the remainder when w is divided by 12?
11
Let v = 34 + -20. Let u(z) be the first derivative of z**4/4 - 7*z**3/3 + 7*z**2/2 - 8*z + 1. Calculate the remainder when u(7) is divided by